{"id":154,"date":"2022-05-21T22:57:37","date_gmt":"2022-05-21T22:57:37","guid":{"rendered":"https:\/\/superlaikrodis.lt\/?page_id=154"},"modified":"2022-05-21T23:36:39","modified_gmt":"2022-05-21T23:36:39","slug":"apie-mus","status":"publish","type":"page","link":"https:\/\/superlaikrodis.lt\/index.php\/apie-mus\/","title":{"rendered":"Apie mus"},"content":{"rendered":"\n\n\n<p><strong>M\u016bs\u0173 specialyb\u0117<\/strong>: laikrod\u017eiai piniginei draugi\u0161komis kainomis. \u0160i\u0105 veikl\u0105 vykdome nuo 2017 met\u0173. <\/p>\n\n\n\n<p><strong>M\u016bs\u0173 tikslas<\/strong>: pasi\u016blyti prekes \u017eemiausiomis kainomis ir prekiauti tik savo sand\u0117liojamomis prek\u0117mis, kad u\u017etikrinti grei\u010diausi\u0105 pristatym\u0105.<\/p>\n\n\n\n<p>Prek\u0117s 98% atvej\u0173 pristatomos jau sekan\u010dios dienos ryt\u0105. Sekmadien\u012f pristatymas nevykdomas. U\u017esakymus, kuriuos gausime sekmadien\u012f pristatysime antradien\u012f.&nbsp;<\/p>\n\n\n\n<p>Vilniuje galima susitarti d\u0117l atsi\u0117mimo i\u0161 rank\u0173 \u017dirm\u016bnuose \u0161alia parduotuv\u0117s IKI Minskas.<\/p>\n\n\n\n<div style=\"width: 100%\"><iframe width=\"100%\" height=\"600\" frameborder=\"0\" scrolling=\"no\" marginheight=\"0\" marginwidth=\"0\" src=\"https:\/\/maps.google.com\/maps?width=100%25&amp;height=600&amp;hl=en&amp;q=Seimyniskiu%2040+(superlaikrodis.lt)&amp;t=&amp;z=14&amp;ie=UTF8&amp;iwloc=B&amp;output=embed\"><a href=\"https:\/\/www.gps.ie\/wearable-gps\/\">wearable gps<\/a><\/iframe><\/div>\n\n\n\n<p>Turit klausim\u0173? Skambinkit numeriu +37065548377<\/p>\n","protected":false},"excerpt":{"rendered":"<p>M\u016bs\u0173 specialyb\u0117: laikrod\u017eiai piniginei draugi\u0161komis kainomis. \u0160i\u0105 veikl\u0105 vykdome nuo 2017 met\u0173. M\u016bs\u0173 tikslas: pasi\u016blyti prekes \u017eemiausiomis kainomis ir prekiauti tik savo sand\u0117liojamomis prek\u0117mis, kad u\u017etikrinti grei\u010diausi\u0105 pristatym\u0105. Prek\u0117s 98% atvej\u0173 pristatomos jau sekan\u010dios dienos ryt\u0105. Sekmadien\u012f pristatymas nevykdomas. U\u017esakymus, kuriuos gausime sekmadien\u012f pristatysime antradien\u012f.&nbsp; Vilniuje galima susitarti d\u0117l atsi\u0117mimo i\u0161 rank\u0173 \u017dirm\u016bnuose \u0161alia parduotuv\u0117s [&#8230;]\n","protected":false},"author":1,"featured_media":0,"parent":0,"menu_order":0,"comment_status":"closed","ping_status":"closed","template":"","meta":{"om_disable_all_campaigns":false,"_monsterinsights_skip_tracking":false,"_monsterinsights_sitenote_active":false,"_monsterinsights_sitenote_note":"","_monsterinsights_sitenote_category":0,"spay_email":""},"_links":{"self":[{"href":"https:\/\/superlaikrodis.lt\/index.php\/wp-json\/wp\/v2\/pages\/154"}],"collection":[{"href":"https:\/\/superlaikrodis.lt\/index.php\/wp-json\/wp\/v2\/pages"}],"about":[{"href":"https:\/\/superlaikrodis.lt\/index.php\/wp-json\/wp\/v2\/types\/page"}],"author":[{"embeddable":true,"href":"https:\/\/superlaikrodis.lt\/index.php\/wp-json\/wp\/v2\/users\/1"}],"replies":[{"embeddable":true,"href":"https:\/\/superlaikrodis.lt\/index.php\/wp-json\/wp\/v2\/comments?post=154"}],"version-history":[{"count":8,"href":"https:\/\/superlaikrodis.lt\/index.php\/wp-json\/wp\/v2\/pages\/154\/revisions"}],"predecessor-version":[{"id":178,"href":"https:\/\/superlaikrodis.lt\/index.php\/wp-json\/wp\/v2\/pages\/154\/revisions\/178"}],"wp:attachment":[{"href":"https:\/\/superlaikrodis.lt\/index.php\/wp-json\/wp\/v2\/media?parent=154"}],"curies":[{"name":"wp","href":"https:\/\/api.w.org\/{rel}","templated":true}]}}