{"id":166,"date":"2022-05-21T23:05:30","date_gmt":"2022-05-21T23:05:30","guid":{"rendered":"https:\/\/superlaikrodis.lt\/?page_id=166"},"modified":"2022-10-12T11:51:31","modified_gmt":"2022-10-12T11:51:31","slug":"pristatymas","status":"publish","type":"page","link":"https:\/\/superlaikrodis.lt\/index.php\/pristatymas\/","title":{"rendered":"Pristatymas"},"content":{"rendered":"\n\n\n<p><strong>Galimi pristatymo variantai:<\/strong><\/p>\n\n\n\n<ol><li>Lpexpress pa\u0161tomatu<\/li><li>Omniva pa\u0161tomatu<\/li><li>Kurjeriu<\/li><\/ol>\n\n\n\n<p>Pasirinkus apmok\u0117jim\u0105 atsi\u0117mimo metu sumok\u0117ti pa\u0161tomate bus galima banko kortele atsiimant u\u017esakym\u0105. Jeigu u\u017esakym\u0105 atve\u0161 kurjeris sumok\u0117t jam gal\u0117site grynais arba kortele.\u00a0<\/p>\n\n\n\n<p>U\u017esakymai pateikti iki 18:20 bus pristatyti jau kit\u0105 dien\u0105. \u012e pa\u0161tomat\u0105 siunta pristatys ryte, o kurjeris atve\u017ea da\u017eniausiai apie pietus, paskambins prie\u0161 atva\u017eiuodamas, bus galima susitarti d\u0117l kito laiko.\u00a0<\/p>\n\n\n\n<p>Vilniaus mieste galimas pasirinkto laikrod\u017eio pristatymas per 20\/30minu\u010di\u0173. Arba atsi\u0117mimas \u017dirm\u016bnuose \u0161alia parduotuv\u0117s IKI Minskas. +37065548377<\/p>\n\n\n\n<p><\/p>\n\n\n\n<p><\/p>\n","protected":false},"excerpt":{"rendered":"<p>Galimi pristatymo variantai: Lpexpress pa\u0161tomatu Omniva pa\u0161tomatu Kurjeriu Pasirinkus apmok\u0117jim\u0105 atsi\u0117mimo metu sumok\u0117ti pa\u0161tomate bus galima banko kortele atsiimant u\u017esakym\u0105. Jeigu u\u017esakym\u0105 atve\u0161 kurjeris sumok\u0117t jam gal\u0117site grynais arba kortele.\u00a0 U\u017esakymai pateikti iki 18:20 bus pristatyti jau kit\u0105 dien\u0105. \u012e pa\u0161tomat\u0105 siunta pristatys ryte, o kurjeris atve\u017ea da\u017eniausiai apie pietus, paskambins prie\u0161 atva\u017eiuodamas, bus galima [&#8230;]\n","protected":false},"author":1,"featured_media":0,"parent":0,"menu_order":0,"comment_status":"closed","ping_status":"closed","template":"","meta":{"om_disable_all_campaigns":false,"_monsterinsights_skip_tracking":false,"_monsterinsights_sitenote_active":false,"_monsterinsights_sitenote_note":"","_monsterinsights_sitenote_category":0,"spay_email":""},"_links":{"self":[{"href":"https:\/\/superlaikrodis.lt\/index.php\/wp-json\/wp\/v2\/pages\/166"}],"collection":[{"href":"https:\/\/superlaikrodis.lt\/index.php\/wp-json\/wp\/v2\/pages"}],"about":[{"href":"https:\/\/superlaikrodis.lt\/index.php\/wp-json\/wp\/v2\/types\/page"}],"author":[{"embeddable":true,"href":"https:\/\/superlaikrodis.lt\/index.php\/wp-json\/wp\/v2\/users\/1"}],"replies":[{"embeddable":true,"href":"https:\/\/superlaikrodis.lt\/index.php\/wp-json\/wp\/v2\/comments?post=166"}],"version-history":[{"count":6,"href":"https:\/\/superlaikrodis.lt\/index.php\/wp-json\/wp\/v2\/pages\/166\/revisions"}],"predecessor-version":[{"id":398,"href":"https:\/\/superlaikrodis.lt\/index.php\/wp-json\/wp\/v2\/pages\/166\/revisions\/398"}],"wp:attachment":[{"href":"https:\/\/superlaikrodis.lt\/index.php\/wp-json\/wp\/v2\/media?parent=166"}],"curies":[{"name":"wp","href":"https:\/\/api.w.org\/{rel}","templated":true}]}}