{"id":30,"date":"2022-05-21T16:32:47","date_gmt":"2022-05-21T16:32:47","guid":{"rendered":"https:\/\/superlaikrodis.lt\/?post_type=product&#038;p=30"},"modified":"2022-08-29T15:34:43","modified_gmt":"2022-08-29T15:34:43","slug":"mini-focus-mf0349g-raudonas","status":"publish","type":"product","link":"https:\/\/superlaikrodis.lt\/index.php\/produktas\/mini-focus-mf0349g-raudonas\/","title":{"rendered":"Mini Focus MF0349G raudonas"},"content":{"rendered":"<p><img class=\"alignnone size-medium wp-image-27\" src=\"http:\/\/superlaikrodis.lt\/wp-content\/uploads\/2022\/05\/MF0349G_xq_en_1-300x300.jpg\" alt=\"\" width=\"1000\" height=\"1000\" srcset=\"https:\/\/superlaikrodis.lt\/wp-content\/uploads\/2022\/05\/MF0349G_xq_en_1-300x300.jpg 300w, https:\/\/superlaikrodis.lt\/wp-content\/uploads\/2022\/05\/MF0349G_xq_en_1-290x290.jpg 290w, https:\/\/superlaikrodis.lt\/wp-content\/uploads\/2022\/05\/MF0349G_xq_en_1-100x100.jpg 100w, https:\/\/superlaikrodis.lt\/wp-content\/uploads\/2022\/05\/MF0349G_xq_en_1-510x510.jpg 510w, https:\/\/superlaikrodis.lt\/wp-content\/uploads\/2022\/05\/MF0349G_xq_en_1-150x150.jpg 150w, https:\/\/superlaikrodis.lt\/wp-content\/uploads\/2022\/05\/MF0349G_xq_en_1-768x768.jpg 768w, https:\/\/superlaikrodis.lt\/wp-content\/uploads\/2022\/05\/MF0349G_xq_en_1.jpg 1000w\" sizes=\"(max-width: 1000px) 100vw, 1000px\" \/><\/p>\n<p><img class=\"alignnone size-medium wp-image-28\" src=\"http:\/\/superlaikrodis.lt\/wp-content\/uploads\/2022\/05\/MF0349G_xq_en_2-1-300x300.jpg\" alt=\"\" width=\"1000\" height=\"1000\" srcset=\"https:\/\/superlaikrodis.lt\/wp-content\/uploads\/2022\/05\/MF0349G_xq_en_2-1-300x300.jpg 300w, https:\/\/superlaikrodis.lt\/wp-content\/uploads\/2022\/05\/MF0349G_xq_en_2-1-290x290.jpg 290w, https:\/\/superlaikrodis.lt\/wp-content\/uploads\/2022\/05\/MF0349G_xq_en_2-1-100x100.jpg 100w, https:\/\/superlaikrodis.lt\/wp-content\/uploads\/2022\/05\/MF0349G_xq_en_2-1-510x510.jpg 510w, https:\/\/superlaikrodis.lt\/wp-content\/uploads\/2022\/05\/MF0349G_xq_en_2-1-150x150.jpg 150w, https:\/\/superlaikrodis.lt\/wp-content\/uploads\/2022\/05\/MF0349G_xq_en_2-1-768x768.jpg 768w, https:\/\/superlaikrodis.lt\/wp-content\/uploads\/2022\/05\/MF0349G_xq_en_2-1.jpg 1000w\" sizes=\"(max-width: 1000px) 100vw, 1000px\" \/><\/p>\n","protected":false},"excerpt":{"rendered":"<p>Prek\u0119 turime vietoje<\/p>\n<p><b>Pristatymas: sekan\u010di\u0105 dien\u0105 <\/b>(i\u0161skyrus sekmadien\u012f, u\u017esak\u0119 sekmadien\u012f gausit antradien\u012f)<\/p>\n<p>Laikrodis bus firmin\u0117je d\u0117\u017eut\u0117je su instrukcija.<\/p>\n<ul>\n<li>Su chronografu, laikma\u010dio ir datos funkcijom.<\/li>\n<li>Visos papildomos rodykl\u0117s ir mygtukai veikia, ir atliek\u0105 savo funkcijas.<\/li>\n<li>Silikonin\u0117 apyrank\u0117 u\u017esegama sagtimi.<\/li>\n<li>Laikrod\u017eio korpusas i\u0161 nerudijan\u010dio plieno.<\/li>\n<\/ul>\n","protected":false},"featured_media":33,"template":"","meta":{"om_disable_all_campaigns":false,"_monsterinsights_skip_tracking":false,"_monsterinsights_sitenote_active":false,"_monsterinsights_sitenote_note":"","_monsterinsights_sitenote_category":0,"spay_email":"","jetpack_publicize_message":"","jetpack_is_tweetstorm":false,"jetpack_publicize_feature_enabled":true},"product_cat":[17,16],"product_tag":[],"_links":{"self":[{"href":"https:\/\/superlaikrodis.lt\/index.php\/wp-json\/wp\/v2\/product\/30"}],"collection":[{"href":"https:\/\/superlaikrodis.lt\/index.php\/wp-json\/wp\/v2\/product"}],"about":[{"href":"https:\/\/superlaikrodis.lt\/index.php\/wp-json\/wp\/v2\/types\/product"}],"wp:featuredmedia":[{"embeddable":true,"href":"https:\/\/superlaikrodis.lt\/index.php\/wp-json\/wp\/v2\/media\/33"}],"wp:attachment":[{"href":"https:\/\/superlaikrodis.lt\/index.php\/wp-json\/wp\/v2\/media?parent=30"}],"wp:term":[{"taxonomy":"product_cat","embeddable":true,"href":"https:\/\/superlaikrodis.lt\/index.php\/wp-json\/wp\/v2\/product_cat?post=30"},{"taxonomy":"product_tag","embeddable":true,"href":"https:\/\/superlaikrodis.lt\/index.php\/wp-json\/wp\/v2\/product_tag?post=30"}],"curies":[{"name":"wp","href":"https:\/\/api.w.org\/{rel}","templated":true}]}}